{"id":2,"date":"2024-09-20T19:12:24","date_gmt":"2024-09-20T17:12:24","guid":{"rendered":"http:\/\/waldkraut.eu\/?page_id=2"},"modified":"2024-10-28T15:18:39","modified_gmt":"2024-10-28T14:18:39","slug":"beispiel-seite","status":"publish","type":"page","link":"https:\/\/waldkraut.eu\/index.php\/beispiel-seite\/","title":{"rendered":""},"content":{"rendered":"<div class=\"wp-block-group alignfull has-global-padding is-content-justification-center is-layout-constrained wp-container-core-group-is-layout-df757ecc wp-block-group-is-layout-constrained\" style=\"margin-top:0;margin-bottom:0;padding-top:calc( 0.5 * var(--wp--style--root--padding-right, var(--wp--custom--gap--horizontal)));padding-right:var(--wp--style--root--padding-right, var(--wp--custom--gap--horizontal));padding-bottom:calc( 0.5 * var(--wp--style--root--padding-right, var(--wp--custom--gap--horizontal)));padding-left:var(--wp--style--root--padding-left, var(--wp--custom--gap--horizontal))\"><div style=\"height:calc( 0.25 * var(--wp--style--root--padding-right, var(--wp--custom--gap--horizontal)))\" aria-hidden=\"true\" class=\"wp-block-spacer\"><\/div>\n\n<div class=\"wp-block-columns alignwide are-vertically-aligned-top is-layout-flex wp-container-core-columns-is-layout-cbe57604 wp-block-columns-is-layout-flex\"><div class=\"wp-block-column is-vertically-aligned-top is-layout-flow wp-block-column-is-layout-flow\" style=\"flex-basis:40%\"><figure class=\"wp-block-image size-full\"><img fetchpriority=\"high\" decoding=\"async\" width=\"2560\" height=\"1719\" src=\"http:\/\/waldkraut.eu\/wp-content\/uploads\/2024\/09\/IMG_1558_jpg-scaled-e1729513208804.jpg\" alt=\"\" class=\"wp-image-144\" style=\"aspect-ratio:3\/2;object-fit:cover\" srcset=\"https:\/\/waldkraut.eu\/wp-content\/uploads\/2024\/09\/IMG_1558_jpg-scaled-e1729513208804.jpg 2560w, https:\/\/waldkraut.eu\/wp-content\/uploads\/2024\/09\/IMG_1558_jpg-scaled-e1729513208804-300x201.jpg 300w, https:\/\/waldkraut.eu\/wp-content\/uploads\/2024\/09\/IMG_1558_jpg-scaled-e1729513208804-1024x688.jpg 1024w, https:\/\/waldkraut.eu\/wp-content\/uploads\/2024\/09\/IMG_1558_jpg-scaled-e1729513208804-768x516.jpg 768w, https:\/\/waldkraut.eu\/wp-content\/uploads\/2024\/09\/IMG_1558_jpg-scaled-e1729513208804-1536x1031.jpg 1536w, https:\/\/waldkraut.eu\/wp-content\/uploads\/2024\/09\/IMG_1558_jpg-scaled-e1729513208804-2048x1375.jpg 2048w, https:\/\/waldkraut.eu\/wp-content\/uploads\/2024\/09\/IMG_1558_jpg-scaled-e1729513208804-1320x886.jpg 1320w, https:\/\/waldkraut.eu\/wp-content\/uploads\/2024\/09\/IMG_1558_jpg-scaled-e1729513208804-600x403.jpg 600w\" sizes=\"(max-width: 2560px) 100vw, 2560px\" \/><\/figure><\/div>\n\n<div class=\"wp-block-column is-vertically-aligned-top is-layout-flow wp-block-column-is-layout-flow\"><div class=\"wp-block-columns is-layout-flex wp-container-core-columns-is-layout-28f84493 wp-block-columns-is-layout-flex\"><div class=\"wp-block-column is-layout-flow wp-block-column-is-layout-flow\" style=\"flex-basis:80%\"><h2 class=\"wp-block-heading\">Willkommen bei Waldkraut<\/h2>\n\n<p>Wir sind Chris und Nadine &#8211; leidenschaftliche Naturliebhaber aus dem malerischen Waldhessen und freuen uns, euch auf unserer Reise in die Welt der Kr\u00e4uter und W\u00e4lder mitzunehmen.<br>Daf\u00fcr bereiten wir momentan verschiedene Workshops und Seminare f\u00fcr euch vor, die bald verf\u00fcgbar sein werden.<\/p>\n\n<p>In der Natur finden wir unsere Inspiration. Ob im Wald, auf der Wiese oder in unserem eigenen Garten \u2013 wir sammeln sorgf\u00e4ltig ausgew\u00e4hlte Kr\u00e4uter, die wir mit viel Liebe und Hingabe zu hochwertigen R\u00e4uchermischungen, Salben und anderen Naturkosmetikprodukten verarbeiten. Dabei begleitet uns immer unsere H\u00fcndin Hope. F\u00fcr Zutaten, die in unserer Region nicht verf\u00fcgbar sind, w\u00e4hlen wir ausschlie\u00dflich Bio-Qualit\u00e4t, um die Reinheit und Wirksamkeit unserer Produkte zu gew\u00e4hrleisten.<\/p>\n\n<p>Uns liegt es am Herzen, die Menschen wieder n\u00e4her zur Natur zu bringen. Deshalb engagiert sich Chris in einer Ausbildung zum Wildnisp\u00e4dagogen, w\u00e4hrend Nadine sich zur Kr\u00e4uterp\u00e4dagogin ausbilden l\u00e4sst. Gemeinsam m\u00f6chten wir das Wissen um die Kraft und Heilkraft der Natur weitergeben und die Sch\u00f6nheit der nat\u00fcrlichen Ressourcen erlebbar machen.<\/p>\n\n<p>Wir sind \u00fcberzeugt, dass die Natur viel von dem bietet, was wir f\u00fcr unser Wohlbefinden ben\u00f6tigen. Lasst uns gemeinsam die Sch\u00e4tze der Natur entdecken und die heilenden Kr\u00e4fte der Pflanzen nutzen!<\/p>\n\n<p><\/p><\/div>\n\n<div class=\"wp-block-column is-vertically-aligned-stretch is-layout-flow wp-block-column-is-layout-flow\"><\/div><\/div>\n\n<div style=\"height:24px\" aria-hidden=\"true\" class=\"wp-block-spacer\"><\/div>\n\n<div class=\"wp-block-columns is-not-stacked-on-mobile has-medium-font-size is-layout-flex wp-container-core-columns-is-layout-28f84493 wp-block-columns-is-layout-flex\"><div class=\"wp-block-column is-layout-flow wp-container-core-column-is-layout-cd8fa203 wp-block-column-is-layout-flow\" style=\"border-left-color:#1e1e1e40;border-left-width:1px;padding-top:0;padding-right:var(--wp--preset--spacing--20);padding-bottom:0;padding-left:var(--wp--preset--spacing--20)\"><h3 class=\"wp-block-heading\" style=\"font-size:clamp(15.197px, 0.95rem + ((1vw - 3.2px) * 0.813), 23px);\">Wildkr\u00e4uter <\/h3><\/div>\n\n<div class=\"wp-block-column is-layout-flow wp-container-core-column-is-layout-cd8fa203 wp-block-column-is-layout-flow\" style=\"border-left-color:#1e1e1e40;border-left-width:1px;padding-top:0;padding-right:var(--wp--preset--spacing--20);padding-bottom:0;padding-left:var(--wp--preset--spacing--20)\"><h3 class=\"wp-block-heading\" style=\"font-size:clamp(15.197px, 0.95rem + ((1vw - 3.2px) * 0.813), 23px);\">Naturverbundenheit<\/h3><\/div><\/div>\n\n<div style=\"height:8px\" aria-hidden=\"true\" class=\"wp-block-spacer\"><\/div>\n\n<div class=\"wp-block-columns is-not-stacked-on-mobile has-medium-font-size is-layout-flex wp-container-core-columns-is-layout-28f84493 wp-block-columns-is-layout-flex\"><div class=\"wp-block-column is-layout-flow wp-container-core-column-is-layout-cd8fa203 wp-block-column-is-layout-flow\" style=\"border-left-color:#1e1e1e40;border-left-width:1px;padding-top:0;padding-right:var(--wp--preset--spacing--20);padding-bottom:0;padding-left:var(--wp--preset--spacing--20)\"><h3 class=\"wp-block-heading\" style=\"font-size:clamp(15.197px, 0.95rem + ((1vw - 3.2px) * 0.813), 23px);\">Waldliebe<\/h3><\/div>\n\n<div class=\"wp-block-column is-layout-flow wp-container-core-column-is-layout-cd8fa203 wp-block-column-is-layout-flow\" style=\"border-left-color:#1e1e1e40;border-left-width:1px;padding-top:0;padding-right:var(--wp--preset--spacing--20);padding-bottom:0;padding-left:var(--wp--preset--spacing--20)\"><h3 class=\"wp-block-heading\" style=\"font-size:clamp(15.197px, 0.95rem + ((1vw - 3.2px) * 0.813), 23px);\">Hope<\/h3><\/div><\/div><\/div><\/div>\n\n<div style=\"height:9px\" aria-hidden=\"true\" class=\"wp-block-spacer\"><\/div><\/div><p><\/p>","protected":false},"excerpt":{"rendered":"<p>Willkommen bei Waldkraut Wir sind Chris und Nadine &#8211; leidenschaftliche Naturliebhaber aus dem malerischen Waldhessen und freuen uns, euch auf unserer Reise in die Welt der Kr\u00e4uter und W\u00e4lder mitzunehmen.Daf\u00fcr bereiten wir momentan verschiedene Workshops und Seminare f\u00fcr euch vor, die bald verf\u00fcgbar sein werden. In der Natur finden wir unsere Inspiration. Ob im Wald, [&hellip;]<\/p>\n","protected":false},"author":1,"featured_media":0,"parent":0,"menu_order":0,"comment_status":"closed","ping_status":"open","template":"","meta":{"footnotes":""},"class_list":["post-2","page","type-page","status-publish","hentry"],"jetpack_sharing_enabled":true,"_links":{"self":[{"href":"https:\/\/waldkraut.eu\/index.php\/wp-json\/wp\/v2\/pages\/2","targetHints":{"allow":["GET"]}}],"collection":[{"href":"https:\/\/waldkraut.eu\/index.php\/wp-json\/wp\/v2\/pages"}],"about":[{"href":"https:\/\/waldkraut.eu\/index.php\/wp-json\/wp\/v2\/types\/page"}],"author":[{"embeddable":true,"href":"https:\/\/waldkraut.eu\/index.php\/wp-json\/wp\/v2\/users\/1"}],"replies":[{"embeddable":true,"href":"https:\/\/waldkraut.eu\/index.php\/wp-json\/wp\/v2\/comments?post=2"}],"version-history":[{"count":10,"href":"https:\/\/waldkraut.eu\/index.php\/wp-json\/wp\/v2\/pages\/2\/revisions"}],"predecessor-version":[{"id":204,"href":"https:\/\/waldkraut.eu\/index.php\/wp-json\/wp\/v2\/pages\/2\/revisions\/204"}],"wp:attachment":[{"href":"https:\/\/waldkraut.eu\/index.php\/wp-json\/wp\/v2\/media?parent=2"}],"curies":[{"name":"wp","href":"https:\/\/api.w.org\/{rel}","templated":true}]}}