{"id":221,"date":"2024-10-28T19:12:09","date_gmt":"2024-10-28T18:12:09","guid":{"rendered":"https:\/\/waldkraut.eu\/?post_type=product&#038;p=221"},"modified":"2025-02-25T15:36:30","modified_gmt":"2025-02-25T14:36:30","slug":"beifuss-goldrute-und-berufkraut","status":"publish","type":"product","link":"https:\/\/waldkraut.eu\/index.php\/produkt\/beifuss-goldrute-und-berufkraut\/","title":{"rendered":"Beifu\u00df Goldrute und Berufkraut"},"content":{"rendered":"<p>Beifu\u00df Goldrute und Berufkraut aus Waldhessen.<\/p>\n<p>Die <b>Goldrute<\/b> z\u00e4hlt zu den Sonnenkr\u00e4utern und ist bekannt f\u00fcr ihre F\u00e4higkeit, negative Energien abzuhalten. Ihre leuchtend gelben Bl\u00fcten spenden Licht und W\u00e4rme, bringen Klarheit und helfen, festgefahrene Gedanken und Blockaden zu l\u00f6sen. Diese R\u00e4ucherung eignet sich besonders gut zur Dankbarkeit und vermag uns auf den Weg zu Gl\u00fcck und richtigen Entscheidungen zu f\u00fchren.<\/p>\n<p>In Kombination mit <b>Beifu\u00df<\/b>, einem kraftvollen R\u00e4ucherwerk, das negative Gedanken und b\u00f6se Einfl\u00fcsse vertreibt, entsteht eine wunderbare Synergie. Beifu\u00df sch\u00fctzt besonders in Zeiten der Umstellung, wie den Sonnenwenden oder den Rauhn\u00e4chten, und unterst\u00fctzt, wenn es darum geht, loszulassen und Ver\u00e4nderungen anzunehmen.<\/p>\n<p>Das <b>Berufkraut<\/b> rundet dieses kraftvolle Trio ab. Es bietet Schutz vor negativen Einfl\u00fcssen und verleiht Halt in herausfordernden Situationen. Mit seinen Bl\u00fcten, die f\u00fcr Reinheit stehen, hilft es, Neid abzuwehren und sorgt f\u00fcr ein Gef\u00fchl von Sicherheit. Zudem ist es bekannt f\u00fcr seine F\u00e4higkeit, M\u00fccken abzuwehren, was es zu einem idealen Begleiter f\u00fcr entspannende Abende im Freien macht.<\/p>\n","protected":false},"excerpt":{"rendered":"<p>Beifu\u00df Goldrute und Berufkraut aus Waldhessen. Die Goldrute z\u00e4hlt zu den Sonnenkr\u00e4utern und ist bekannt f\u00fcr ihre F\u00e4higkeit, negative Energien abzuhalten. Ihre leuchtend gelben Bl\u00fcten spenden Licht und W\u00e4rme, bringen Klarheit und helfen, festgefahrene Gedanken und Blockaden zu l\u00f6sen. Diese R\u00e4ucherung eignet sich besonders gut zur Dankbarkeit und vermag uns auf den Weg zu Gl\u00fcck [&hellip;]<\/p>\n","protected":false},"featured_media":223,"comment_status":"open","ping_status":"closed","template":"","meta":[],"product_cat":[20],"product_tag":[],"class_list":{"0":"post-221","1":"product","2":"type-product","3":"status-publish","4":"has-post-thumbnail","6":"product_cat-raeuchern","8":"first","9":"outofstock","10":"shipping-taxable","11":"purchasable","12":"product-type-simple"},"jetpack_sharing_enabled":true,"_links":{"self":[{"href":"https:\/\/waldkraut.eu\/index.php\/wp-json\/wp\/v2\/product\/221","targetHints":{"allow":["GET"]}}],"collection":[{"href":"https:\/\/waldkraut.eu\/index.php\/wp-json\/wp\/v2\/product"}],"about":[{"href":"https:\/\/waldkraut.eu\/index.php\/wp-json\/wp\/v2\/types\/product"}],"replies":[{"embeddable":true,"href":"https:\/\/waldkraut.eu\/index.php\/wp-json\/wp\/v2\/comments?post=221"}],"wp:featuredmedia":[{"embeddable":true,"href":"https:\/\/waldkraut.eu\/index.php\/wp-json\/wp\/v2\/media\/223"}],"wp:attachment":[{"href":"https:\/\/waldkraut.eu\/index.php\/wp-json\/wp\/v2\/media?parent=221"}],"wp:term":[{"taxonomy":"product_cat","embeddable":true,"href":"https:\/\/waldkraut.eu\/index.php\/wp-json\/wp\/v2\/product_cat?post=221"},{"taxonomy":"product_tag","embeddable":true,"href":"https:\/\/waldkraut.eu\/index.php\/wp-json\/wp\/v2\/product_tag?post=221"}],"curies":[{"name":"wp","href":"https:\/\/api.w.org\/{rel}","templated":true}]}}