{"id":242,"date":"2024-12-10T21:03:54","date_gmt":"2024-12-10T20:03:54","guid":{"rendered":"https:\/\/waldkraut.eu\/?post_type=product&#038;p=242"},"modified":"2024-12-10T21:08:56","modified_gmt":"2024-12-10T20:08:56","slug":"set-12-raeuchermischungen-fuer-die-rauhnaechte","status":"publish","type":"product","link":"https:\/\/waldkraut.eu\/index.php\/produkt\/set-12-raeuchermischungen-fuer-die-rauhnaechte\/","title":{"rendered":"Set: 12 R\u00e4uchermischungen f\u00fcr die Rauhn\u00e4chte"},"content":{"rendered":"<p>\ud83c\udf0c <b>R\u00e4uchermischungen f\u00fcr die magischen Rauhn\u00e4chte <\/b>\ud83c\udf3f<br \/>\nTauche ein in die mystische Zeit der Rauhn\u00e4chte mit unseren liebevoll zusammengestellten R\u00e4uchermischungen. Jede Mischung wurde mit Kr\u00e4utern, die in unserer Region heimisch sind, kreiert und ist perfekt auf die Themen der 12 Rauhn\u00e4chte abgestimmt. Einzige Ausnahme: Ein Hauch von duftender Vanille verleiht einer unserer Mischungen eine sanfte, harmonische Note.<\/p>\n<p>\ud83d\udc9a<b> Was macht unsere R\u00e4uchermischungen besonders?<\/b><\/p>\n<ul>\n<li><b><\/b>\ud83c\udf31<b> <\/b><b>Nat\u00fcrliche Zutaten<\/b>: Handverlesene Kr\u00e4uter aus der Umgebung. Heimisch und mit wohltuenden Duft.<\/li>\n<li><b><\/b>\ud83d\udcab<b> <\/b><b>Thematisch abgestimmt<\/b>: Jede Mischung greift ein Thema wie Selbstliebe, Reinigung oder innere W\u00fcnsche auf.<\/li>\n<li><b><\/b>\ud83e\uddd8\u200d\u2640\ufe0f<b> <\/b><b>Meditationsanregung<\/b>: Zu jeder Mischung geh\u00f6rt eine inspirierende Frage, die dich beim Meditieren oder Nachdenken begleiten kann.<\/li>\n<li><b><\/b>\ud83d\udc4c<b> <\/b><b>Praktische Portionen<\/b>: Jede Packung reicht f\u00fcr mindestens eine R\u00e4ucherung \u2013 perfekt f\u00fcr den t\u00e4glichen Begleiter durch die Rauhn\u00e4chte.<\/li>\n<\/ul>\n<p>\u2728<b>Begleite die Rauhn\u00e4chte bewusst<\/b><br \/>\nUnsere R\u00e4uchermischungen sind deine sanften Begleiter f\u00fcr diese besondere Zeit des \u00dcbergangs. Nutze sie, um Altes loszulassen, Klarheit zu gewinnen und voller Vertrauen ins neue Jahr zu starten.\ud83c\udf1f<\/p>\n","protected":false},"excerpt":{"rendered":"<p>12 R\u00e4uchermischungen, die dich in den magischen Rauhn\u00e4chten begleiten.<\/p>\n","protected":false},"featured_media":243,"comment_status":"open","ping_status":"closed","template":"","meta":[],"product_cat":[20],"product_tag":[],"class_list":{"0":"post-242","1":"product","2":"type-product","3":"status-publish","4":"has-post-thumbnail","6":"product_cat-raeuchern","8":"first","9":"instock","10":"shipping-taxable","11":"purchasable","12":"product-type-simple"},"jetpack_sharing_enabled":true,"_links":{"self":[{"href":"https:\/\/waldkraut.eu\/index.php\/wp-json\/wp\/v2\/product\/242","targetHints":{"allow":["GET"]}}],"collection":[{"href":"https:\/\/waldkraut.eu\/index.php\/wp-json\/wp\/v2\/product"}],"about":[{"href":"https:\/\/waldkraut.eu\/index.php\/wp-json\/wp\/v2\/types\/product"}],"replies":[{"embeddable":true,"href":"https:\/\/waldkraut.eu\/index.php\/wp-json\/wp\/v2\/comments?post=242"}],"wp:featuredmedia":[{"embeddable":true,"href":"https:\/\/waldkraut.eu\/index.php\/wp-json\/wp\/v2\/media\/243"}],"wp:attachment":[{"href":"https:\/\/waldkraut.eu\/index.php\/wp-json\/wp\/v2\/media?parent=242"}],"wp:term":[{"taxonomy":"product_cat","embeddable":true,"href":"https:\/\/waldkraut.eu\/index.php\/wp-json\/wp\/v2\/product_cat?post=242"},{"taxonomy":"product_tag","embeddable":true,"href":"https:\/\/waldkraut.eu\/index.php\/wp-json\/wp\/v2\/product_tag?post=242"}],"curies":[{"name":"wp","href":"https:\/\/api.w.org\/{rel}","templated":true}]}}